74 = -2*q. Let o = 75 - q. List the prime factors of o.
2, 19
Let t = -11 - -9. Let p be (-64 + 2)/(1 + t). Suppose r = -5*d + d - 2, 5*r - 4*d = p. List the prime factors of r.
2, 5
Suppose -26*m + 240 = -20*m. List the prime factors of m.
2, 5
Let w(h) = h**2 + 8*h + 1. Let g = 11 - 8. Let p be g + -3 - (0 + 9). List the prime factors of w(p).
2, 5
List the prime factors of 7 + 70 + 6 + -1*2.
3
Let p = 7 + -1. Suppose -85 = -5*o + 5*i, 5 = i - 0. Suppose -3*t - 2*t = -k - o, -2*t - k = -p. What are the prime factors of t?
2
Let v = -7 - -10. Suppose 8*u - v*u = 200. List the prime factors of u.
2, 5
Let y = 19 + -17. Let a = 2 - 1. What are the prime factors of 14/((y + 0)*a)?
7
Let z(f) = 20*f. List the prime factors of z(4).
2, 5
Suppose -4*j - 5*i = -3*i + 34, -5*j - 50 = 4*i. Let m = j + -2. Let t = m + 16. List the prime factors of t.
2
Let q(w) be the third derivative of -w**4/8 + w**3/3 + 10*w**2. List the prime factors of q(-13).
41
Let r(y) be the third derivative of 37*y**5/60 - 2*y**2. List the prime factors of r(-1).
37
Suppose 2*r + c - 41 = -4*c, -3*r - 2*c + 67 = 0. What are the prime factors of r?
23
Suppose 4*h = 5*z + 274 + 263, -h + 128 = 5*z. List the prime factors of h.
7, 19
Suppose -3*x - 2*v + 118 = 0, 2*x - 5*v - 230 = -3*x. List the prime factors of x.
2, 3, 7
Suppose -18 = -6*u + 5*u. Suppose 0 = 4*z - z - u. Suppose 0 = -3*b + b + z. List the prime factors of b.
3
Suppose r + 4 = 2. Let g = r - -4. What are the prime factors of g?
2
Let c be 4 - 0/(1*-2). Suppose -c*f - 10 + 30 = 0. Suppose 0*v = v - f. What are the prime factors of v?
5
Let g(z) = -z**3 + 4*z**2 + 4*z + 1. Let d be g(5). List the prime factors of (2/d)/(2/(-16)).
2
Let f(c) = c**2 + 16*c + 17. Let v be f(-15). Suppose 5*k + 20 = 130. Suppose -3*j + 6*s - 4*s = v, 5*j = -3*s + k. What are the prime factors of j?
2
Let a(f) = f**2 + 5*f - 1. Suppose -3*y + 11 = -7. Suppose y*w + 30 = w. List the prime factors of a(w).
5
Suppose 0*f + 2*f - 4 = 0. Suppose -2*a - 2 = -0*a, -f*w - a + 9 = 0. What are the prime factors of w?
5
Let k(d) = d**2 + 10*d + 2. Let m be k(-7). Let z = -1 - m. List the prime factors of z.
2, 3
Let v(m) = -48*m - 2. List the prime factors of v(-1).
2, 23
Suppose -5*m - 413 = -3*j, 2*j + j = m + 433. List the prime factors of j.
2, 73
Let x = 116 - 35. What are the prime factors of x?
3
Let i = 12 - -21. What are the prime factors of i?
3, 11
Suppose -3*x + 4*h = -970, 2*x = -0*x - 2*h + 642. List the prime factors of x.
2, 7, 23
Suppose 0 = 2*c - 6*c + 84. List the prime factors of c.
3, 7
Suppose 0 = 2*h - 0*s + 2*s - 60, 3*h - 2*s = 95. List the prime factors of h.
31
Suppose -2*y = -0*q + 4*q + 2, 0 = -3*q - 4*y + 11. What are the prime factors of (-49)/q - 1/3?
2
Suppose 0 = 2*d - 20. What are the prime factors of d?
2, 5
Suppose 0 = 5*h + 20, -2*t - 4*h = t - 74. Suppose 12 = -5*a + 3*b + t, 0 = a - b - 2. List the prime factors of a.
2, 3
Suppose b - 1 = 10. What are the prime factors of b?
11
Let s(n) = 3*n**2 + 4*n + 4. Let v be s(-3). Let t be 29 - -2*1/2. Let k = t - v. List the prime factors of k.
11
Let z(t) = t**2 - 4*t - 4. Suppose o + 32 = 4*i, -4*i + 40 = i - o. Let a = -2 + i. List the prime factors of z(a).
2
Suppose 2*p + 2*p - 12 = 0. Suppose -4*n - g = -69, p*n - 5*g + 12 = 35. Suppose -6*z + n = -2*z. List the prime factors of z.
2
Let t(l) be the first derivative of l**4/4 + 2*l**3 + 6*l + 1. Let a be t(-6). What are the prime factors of 12/18 - (-26)/a?
5
Let k(i) = 206*i**2 - i. Let b be k(1). Suppose g = -4*g + b. Suppose -10 - g = -3*z. List the prime factors of z.
17
Suppose 3*n = 2*g + 380, -11 - 4 = -3*g. List the prime factors of n.
2, 5, 13
Let w be (472/(-12))/(2/(-9)). Suppose w - 461 = -4*m. Suppose -5*z = -m + 16. What are the prime factors of z?
11
Let s = 1 + 3. List the prime factors of s/(-6) + (-58)/(-6).
3
Suppose 0 = -2*t - 2*t + 20. Let v = t - 6. Let o(p) = 14*p**2 + p. What are the prime factors of o(v)?
13
Suppose 0 = -4*u + 5*u + 4*v, 4*u + 2*v - 14 = 0. Suppose -5*i - 25 = -2*w, w - 17 = -0*w + u*i. What are the prime factors of w?
5
Suppose 2*w - 2*a - 98 = 0, a = 4*w + w - 253. What are the prime factors of w?
3, 17
Let y = 37 + 3. What are the prime factors of y?
2, 5
Let m be ((-6)/5)/(30/(-100)). Suppose h = -x + 8, h - x + m = x. What are the prime factors of h?
2
Suppose -2*u = 2*u - 4, -2*u = -2*q + 2. Suppose q*a - 46 = 3*k, -4*a + 80 = -4*k + k. List the prime factors of a.
17
Let v(r) = 6*r - 3. Let j = 2 + 0. What are the prime factors of v(j)?
3
Suppose n = 5*w + 195, 4*w + 598 - 13 = 3*n. What are the prime factors of n?
3, 5, 13
Suppose x + 4*x + 195 = 0. Let j = 57 + x. List the prime factors of (-1 + 15/9)*j.
2, 3
Suppose -2*w - 24 = -6*w. List the prime factors of w/(-6) - (-1 - 31).
31
Suppose -3*z + 545 = 2*z. Suppose 3*a + 43 = z. What are the prime factors of (4 - 1)/(6/a)?
11
Let b(k) = -k**3 - 4*k**2 + 4*k - 5. Let q be b(-4). Suppose 0 = 4*z - 4*y - 132, 0 = 2*z - 2*y + y - 62. Let s = q + z. List the prime factors of s.
2
List the prime factors of 5/1*132/20.
3, 11
Let z(i) = -20*i - 23. List the prime factors of z(-8).
137
Suppose 2*j + 13 - 75 = 0. List the prime factors of j.
31
Let u be -31 + 0/(0 - -3). Let b = -19 - u. Let v = b + -7. List the prime factors of v.
5
Let b(t) be the second derivative of 2*t + 2*t**2 + 2/3*t**3 + 0 - 1/12*t**4. What are the prime factors of b(4)?
2
Let f(i) = i**3 + 6*i**2 - 10*i - 10. Let v be -6*(-3)/(6/(-4)). Let p = 5 + v. What are the prime factors of f(p)?
11
Let s(z) = 15*z**2 + 4*z + 2. List the prime factors of s(-2).
2, 3
Let y = -3 + 7. Suppose 4*x = 2*k + 2, -5*x + 0*k = y*k + 4. Suppose -3*m + 29 = 4*n - x*m, -2*n = -m - 7. List the prime factors of n.
5
Let u(i) = 6*i**3 - i**2 + i. Let y be u(1). Let r(s) = s**2 - 6 - y - 2*s**2 - 12*s. What are the prime factors of r(-9)?
3, 5
Suppose -p + 0*p = -2. Suppose -4*x + p*b + 32 = 0, -2*x + 7*x = 3*b + 39. List the prime factors of x.
3
What are the prime factors of 10/6 - 8368/(-48)?
2, 11
Let z = -67 + 154. List the prime factors of z.
3, 29
Suppose 3 = -2*c - 11. Let n = 11 + c. List the prime factors of n.
2
Suppose -4*y = 3*g - 2*g - 206, 100 = 2*y + 2*g. What are the prime factors of y?
2, 13
Let y = 40 - 13. Let t(o) = -2*o**2 - 6*o + 4. Let h be t(-3). Suppose h*a - y = a. List the prime factors of a.
3
Let j(g) = 6*g**2 + 4. Let t(n) = 5*n**2 - n + 3. Let d(v) = 4*j(v) - 5*t(v). List the prime factors of d(4).
5
Suppose a = -3*a + 288. What are the prime factors of a?
2, 3
Let w = -6 + 11. Let p = 9 - w. Suppose 0*f = -p*f + 24. List the prime factors of f.
2, 3
Suppose 0 = 5*b - 12*b + 539. List the prime factors of b.
7, 11
Let w = 139 - 129. List the prime factors of w.
2, 5
Let o(j) be the second derivative of -4*j**3/3 + j**2 - 6*j. What are the prime factors of o(-2)?
2, 3
Let v be 80/8 - (1 + 0). Let d be -6*v/(-6) - 0. Suppose -5*n + 51 + d = 0. List the prime factors of n.
2, 3
Suppose 0 = u + u. Suppose -5*v + u*v = -25. Suppose 0 = v*i - 14 - 6. What are the prime factors of i?
2
Suppose -g + 12 = -s, -g + 6 = 4*s - 3*s. List the prime factors of 15/4*48/g.
2, 5
Let n = -7 + 13. List the prime factors of (-92)/(-6)*n/4.
23
Suppose 7 = -4*j + 23. Suppose -j*y + 53 + 15 = 0. List the prime factors of y.
17
Suppose 5*r + 2*g + 0 - 10 = 0, -4*r - 5 = -g. Suppose 3*q + r*q - 30 = 0. What are the prime factors of q?
2, 5
Suppose 2*k - 28 = k. Suppose 5*t = t + k. List the prime factors of t.
7
Let f = -10 - -17. What are the prime factors of 12/(-3) + (f - 1)?
2
Let t(f) = 9*f - 2. Let b be t(-3). Let y = 41 + b. What are the prime factors of y?
2, 3
Let n(m) = m**2 + 12*m + 13. Let c be n(-11). Let i = c - 3. What are the prime factors of -1 - ((-2)/i + -9)?
2, 3
Let p = 21 + -34. Let j = -9 - p. Suppose -r - s = -8, s + 25 = j*r + 3. What are the prime factors of r?
2, 3
Let p(o) = -o**3 - 5*o**2 + o - 1. Let l be p(-5). List the prime factors of (2 - 4)*l - -2.
2, 7
Let j(i) be the third derivative of -i**4/24 - i**3/2 + 4*i**2. What are the prime factors of j(-8)?
5
Suppose -5*n - y + 317 = -35, 4*n - 2*y - 290 = 0. Let q = 106 - n. Let l = q + -25. List the prime factors of l.
2, 5
What are the prime factors of (-5)/((-30)/28)*(-69)/(